{"id":103,"date":"2020-05-25T02:40:31","date_gmt":"2020-05-25T02:40:31","guid":{"rendered":"https:\/\/www.purple-smoke.com\/?page_id=103"},"modified":"2020-11-08T09:53:39","modified_gmt":"2020-11-08T09:53:39","slug":"about-us","status":"publish","type":"page","link":"https:\/\/www.purple-smoke.com\/?page_id=103","title":{"rendered":"About us"},"content":{"rendered":"\n<div class=\"wp-block-media-text alignwide is-stacked-on-mobile\"><figure class=\"wp-block-media-text__media\"><img loading=\"lazy\" decoding=\"async\" width=\"1024\" height=\"678\" src=\"https:\/\/www.purple-smoke.com\/wp-content\/uploads\/2020\/03\/71291937_499453073945576_4712345590690742272_o-1024x678.jpg\" alt=\"The band \" class=\"wp-image-29\" srcset=\"https:\/\/www.purple-smoke.com\/wp-content\/uploads\/2020\/03\/71291937_499453073945576_4712345590690742272_o-1024x678.jpg 1024w, https:\/\/www.purple-smoke.com\/wp-content\/uploads\/2020\/03\/71291937_499453073945576_4712345590690742272_o-300x199.jpg 300w, https:\/\/www.purple-smoke.com\/wp-content\/uploads\/2020\/03\/71291937_499453073945576_4712345590690742272_o-768x509.jpg 768w, https:\/\/www.purple-smoke.com\/wp-content\/uploads\/2020\/03\/71291937_499453073945576_4712345590690742272_o-1536x1017.jpg 1536w, https:\/\/www.purple-smoke.com\/wp-content\/uploads\/2020\/03\/71291937_499453073945576_4712345590690742272_o.jpg 2048w\" sizes=\"auto, (max-width: 1024px) 100vw, 1024px\" \/><\/figure><div class=\"wp-block-media-text__content\">\n<p>Purple Smoke is the story of five talented musicians who met during the course of their respective careers. They decided to put their Rock skills to embody on stage a legendary band: Deep Purple!<\/p>\n\n\n\n<p>Purple Smoke musical repertoire focuses on the period from 1970 to 1985 of Deep Purple -Mark II (Ian Gillan, Ian Paice, John Lord, Roger Glover and Ritchie Blackmore).<br>You will be able to discover live: a drummer with explosive ardour, an organist with crazy playing, a bassist with a crazy pick, a guitarist with exceptional fingering and a singer with a masterful voice!<\/p>\n<\/div><\/div>\n\n\n\n<p><\/p>\n","protected":false},"excerpt":{"rendered":"<p>Purple Smoke is the story of five talented musicians who met during the course of their respective careers. They decided to put their Rock skills to embody on stage a legendary band: Deep Purple! Purple Smoke musical repertoire focuses on the period from 1970 to <span class=\"read-more\"><a class=\"more-link btn btn-transparent\" href=\"https:\/\/www.purple-smoke.com\/?page_id=103\">Read More &#8230;<\/a><\/span><\/p>\n","protected":false},"author":1,"featured_media":0,"parent":0,"menu_order":0,"comment_status":"closed","ping_status":"closed","template":"","meta":{"_monsterinsights_skip_tracking":false,"_monsterinsights_sitenote_active":false,"_monsterinsights_sitenote_note":"","_monsterinsights_sitenote_category":0,"footnotes":""},"class_list":["post-103","page","type-page","status-publish","hentry"],"yoast_head":"<!-- This site is optimized with the Yoast SEO plugin v27.5 - https:\/\/yoast.com\/product\/yoast-seo-wordpress\/ -->\n<title>About us - Purple Smoke<\/title>\n<meta name=\"description\" content=\"Purple smoke c&#039;est cinq musiciens de talent, rencontr\u00e9s au d\u00e9tour de leurs carri\u00e8res respectives, qui d\u00e9cident d&#039;unir leur passion pour le Rock pour incarner sur sc\u00e8ne un groupe l\u00e9gendaire : Deep Purple !\" \/>\n<meta name=\"robots\" content=\"index, follow, max-snippet:-1, max-image-preview:large, max-video-preview:-1\" \/>\n<link rel=\"canonical\" href=\"https:\/\/www.purple-smoke.com\/?page_id=103\" \/>\n<meta property=\"og:locale\" content=\"en_US\" \/>\n<meta property=\"og:type\" content=\"article\" \/>\n<meta property=\"og:title\" content=\"About us - Purple Smoke\" \/>\n<meta property=\"og:description\" content=\"Purple smoke c&#039;est cinq musiciens de talent, rencontr\u00e9s au d\u00e9tour de leurs carri\u00e8res respectives, qui d\u00e9cident d&#039;unir leur passion pour le Rock pour incarner sur sc\u00e8ne un groupe l\u00e9gendaire : Deep Purple !\" \/>\n<meta property=\"og:url\" content=\"https:\/\/www.purple-smoke.com\/?page_id=103\" \/>\n<meta property=\"og:site_name\" content=\"Purple Smoke\" \/>\n<meta property=\"article:modified_time\" content=\"2020-11-08T09:53:39+00:00\" \/>\n<meta property=\"og:image\" content=\"https:\/\/www.purple-smoke.com\/wp-content\/uploads\/2020\/03\/71291937_499453073945576_4712345590690742272_o-1024x678.jpg\" \/>\n<meta name=\"twitter:card\" content=\"summary_large_image\" \/>\n<script type=\"application\/ld+json\" class=\"yoast-schema-graph\">{\"@context\":\"https:\\\/\\\/schema.org\",\"@graph\":[{\"@type\":\"WebPage\",\"@id\":\"https:\\\/\\\/www.purple-smoke.com\\\/?page_id=103\",\"url\":\"https:\\\/\\\/www.purple-smoke.com\\\/?page_id=103\",\"name\":\"About us - Purple Smoke\",\"isPartOf\":{\"@id\":\"https:\\\/\\\/www.purple-smoke.com\\\/#website\"},\"primaryImageOfPage\":{\"@id\":\"https:\\\/\\\/www.purple-smoke.com\\\/?page_id=103#primaryimage\"},\"image\":{\"@id\":\"https:\\\/\\\/www.purple-smoke.com\\\/?page_id=103#primaryimage\"},\"thumbnailUrl\":\"https:\\\/\\\/www.purple-smoke.com\\\/wp-content\\\/uploads\\\/2020\\\/03\\\/71291937_499453073945576_4712345590690742272_o-1024x678.jpg\",\"datePublished\":\"2020-05-25T02:40:31+00:00\",\"dateModified\":\"2020-11-08T09:53:39+00:00\",\"description\":\"Purple smoke c'est cinq musiciens de talent, rencontr\u00e9s au d\u00e9tour de leurs carri\u00e8res respectives, qui d\u00e9cident d'unir leur passion pour le Rock pour incarner sur sc\u00e8ne un groupe l\u00e9gendaire : Deep Purple !\",\"breadcrumb\":{\"@id\":\"https:\\\/\\\/www.purple-smoke.com\\\/?page_id=103#breadcrumb\"},\"inLanguage\":\"en-US\",\"potentialAction\":[{\"@type\":\"ReadAction\",\"target\":[\"https:\\\/\\\/www.purple-smoke.com\\\/?page_id=103\"]}]},{\"@type\":\"ImageObject\",\"inLanguage\":\"en-US\",\"@id\":\"https:\\\/\\\/www.purple-smoke.com\\\/?page_id=103#primaryimage\",\"url\":\"https:\\\/\\\/www.purple-smoke.com\\\/wp-content\\\/uploads\\\/2020\\\/03\\\/71291937_499453073945576_4712345590690742272_o.jpg\",\"contentUrl\":\"https:\\\/\\\/www.purple-smoke.com\\\/wp-content\\\/uploads\\\/2020\\\/03\\\/71291937_499453073945576_4712345590690742272_o.jpg\",\"width\":2048,\"height\":1356,\"caption\":\"purple smoke\"},{\"@type\":\"BreadcrumbList\",\"@id\":\"https:\\\/\\\/www.purple-smoke.com\\\/?page_id=103#breadcrumb\",\"itemListElement\":[{\"@type\":\"ListItem\",\"position\":1,\"name\":\"Home\",\"item\":\"https:\\\/\\\/www.purple-smoke.com\\\/?lang=fr\"},{\"@type\":\"ListItem\",\"position\":2,\"name\":\"About us\"}]},{\"@type\":\"WebSite\",\"@id\":\"https:\\\/\\\/www.purple-smoke.com\\\/#website\",\"url\":\"https:\\\/\\\/www.purple-smoke.com\\\/\",\"name\":\"Purple Smoke\",\"description\":\"Tribute to Deep Purple\",\"potentialAction\":[{\"@type\":\"SearchAction\",\"target\":{\"@type\":\"EntryPoint\",\"urlTemplate\":\"https:\\\/\\\/www.purple-smoke.com\\\/?s={search_term_string}\"},\"query-input\":{\"@type\":\"PropertyValueSpecification\",\"valueRequired\":true,\"valueName\":\"search_term_string\"}}],\"inLanguage\":\"en-US\"}]}<\/script>\n<!-- \/ Yoast SEO plugin. -->","yoast_head_json":{"title":"About us - Purple Smoke","description":"Purple smoke c'est cinq musiciens de talent, rencontr\u00e9s au d\u00e9tour de leurs carri\u00e8res respectives, qui d\u00e9cident d'unir leur passion pour le Rock pour incarner sur sc\u00e8ne un groupe l\u00e9gendaire : Deep Purple !","robots":{"index":"index","follow":"follow","max-snippet":"max-snippet:-1","max-image-preview":"max-image-preview:large","max-video-preview":"max-video-preview:-1"},"canonical":"https:\/\/www.purple-smoke.com\/?page_id=103","og_locale":"en_US","og_type":"article","og_title":"About us - Purple Smoke","og_description":"Purple smoke c'est cinq musiciens de talent, rencontr\u00e9s au d\u00e9tour de leurs carri\u00e8res respectives, qui d\u00e9cident d'unir leur passion pour le Rock pour incarner sur sc\u00e8ne un groupe l\u00e9gendaire : Deep Purple !","og_url":"https:\/\/www.purple-smoke.com\/?page_id=103","og_site_name":"Purple Smoke","article_modified_time":"2020-11-08T09:53:39+00:00","og_image":[{"url":"https:\/\/www.purple-smoke.com\/wp-content\/uploads\/2020\/03\/71291937_499453073945576_4712345590690742272_o-1024x678.jpg","type":"","width":"","height":""}],"twitter_card":"summary_large_image","schema":{"@context":"https:\/\/schema.org","@graph":[{"@type":"WebPage","@id":"https:\/\/www.purple-smoke.com\/?page_id=103","url":"https:\/\/www.purple-smoke.com\/?page_id=103","name":"About us - Purple Smoke","isPartOf":{"@id":"https:\/\/www.purple-smoke.com\/#website"},"primaryImageOfPage":{"@id":"https:\/\/www.purple-smoke.com\/?page_id=103#primaryimage"},"image":{"@id":"https:\/\/www.purple-smoke.com\/?page_id=103#primaryimage"},"thumbnailUrl":"https:\/\/www.purple-smoke.com\/wp-content\/uploads\/2020\/03\/71291937_499453073945576_4712345590690742272_o-1024x678.jpg","datePublished":"2020-05-25T02:40:31+00:00","dateModified":"2020-11-08T09:53:39+00:00","description":"Purple smoke c'est cinq musiciens de talent, rencontr\u00e9s au d\u00e9tour de leurs carri\u00e8res respectives, qui d\u00e9cident d'unir leur passion pour le Rock pour incarner sur sc\u00e8ne un groupe l\u00e9gendaire : Deep Purple !","breadcrumb":{"@id":"https:\/\/www.purple-smoke.com\/?page_id=103#breadcrumb"},"inLanguage":"en-US","potentialAction":[{"@type":"ReadAction","target":["https:\/\/www.purple-smoke.com\/?page_id=103"]}]},{"@type":"ImageObject","inLanguage":"en-US","@id":"https:\/\/www.purple-smoke.com\/?page_id=103#primaryimage","url":"https:\/\/www.purple-smoke.com\/wp-content\/uploads\/2020\/03\/71291937_499453073945576_4712345590690742272_o.jpg","contentUrl":"https:\/\/www.purple-smoke.com\/wp-content\/uploads\/2020\/03\/71291937_499453073945576_4712345590690742272_o.jpg","width":2048,"height":1356,"caption":"purple smoke"},{"@type":"BreadcrumbList","@id":"https:\/\/www.purple-smoke.com\/?page_id=103#breadcrumb","itemListElement":[{"@type":"ListItem","position":1,"name":"Home","item":"https:\/\/www.purple-smoke.com\/?lang=fr"},{"@type":"ListItem","position":2,"name":"About us"}]},{"@type":"WebSite","@id":"https:\/\/www.purple-smoke.com\/#website","url":"https:\/\/www.purple-smoke.com\/","name":"Purple Smoke","description":"Tribute to Deep Purple","potentialAction":[{"@type":"SearchAction","target":{"@type":"EntryPoint","urlTemplate":"https:\/\/www.purple-smoke.com\/?s={search_term_string}"},"query-input":{"@type":"PropertyValueSpecification","valueRequired":true,"valueName":"search_term_string"}}],"inLanguage":"en-US"}]}},"_links":{"self":[{"href":"https:\/\/www.purple-smoke.com\/index.php?rest_route=\/wp\/v2\/pages\/103","targetHints":{"allow":["GET"]}}],"collection":[{"href":"https:\/\/www.purple-smoke.com\/index.php?rest_route=\/wp\/v2\/pages"}],"about":[{"href":"https:\/\/www.purple-smoke.com\/index.php?rest_route=\/wp\/v2\/types\/page"}],"author":[{"embeddable":true,"href":"https:\/\/www.purple-smoke.com\/index.php?rest_route=\/wp\/v2\/users\/1"}],"replies":[{"embeddable":true,"href":"https:\/\/www.purple-smoke.com\/index.php?rest_route=%2Fwp%2Fv2%2Fcomments&post=103"}],"version-history":[{"count":4,"href":"https:\/\/www.purple-smoke.com\/index.php?rest_route=\/wp\/v2\/pages\/103\/revisions"}],"predecessor-version":[{"id":254,"href":"https:\/\/www.purple-smoke.com\/index.php?rest_route=\/wp\/v2\/pages\/103\/revisions\/254"}],"wp:attachment":[{"href":"https:\/\/www.purple-smoke.com\/index.php?rest_route=%2Fwp%2Fv2%2Fmedia&parent=103"}],"curies":[{"name":"wp","href":"https:\/\/api.w.org\/{rel}","templated":true}]}}